 34*m - 123. Calculate the remainder when k(9) is divided by 93.
90
Let k be 15/2*25980/(-75). Let i = k + -1262. Calculate the remainder when i/(-80) - (-3)/4 is divided by 13.
10
Suppose 11*k - 17*k + 36 = 0. Calculate the remainder when ((-198)/(-132))/(k/344) is divided by 20.
6
Suppose 4*f - 46 = -6. Suppose a + f = x, -3 = -4*x + 3*a + 40. Suppose x*s - 1603 = 6*s. What is the remainder when s is divided by 58?
55
Suppose 10*t - 20 = 8*t - 3*p, 4*p + 4 = 5*t. Let q(d) = 10*d + 27. What is the remainder when q(t) is divided by 10?
7
Let r(b) = -13*b - 9. Let o = 36 + -39. Suppose g = 2*g - 11. Calculate the remainder when r(o) is divided by g.
8
Let m = -193 - -283. Suppose 855 = 9*s - m. What is the remainder when s is divided by 54?
51
Let h(j) be the third derivative of 19*j**5/30 + j**4/4 + 2*j**3/3 + 38*j**2 + 2*j. Calculate the remainder when h(-2) is divided by 5.
4
Suppose 9 = 3*r, 5*k - 10*r + 8*r = -76. Let t(h) = h**3 + 13*h**2 - 15*h - 6. Calculate the remainder when 20 is divided by t(k).
4
Let d = 53 + -47. Let h be 8/(-1)*(-1 - 177/d). Let l = -168 + h. Calculate the remainder when l is divided by 26.
24
Suppose 2*u + 3*u - 90 = -2*v, -v = 0. Let n(b) = -2*b**3 - 5*b - 16 + u + b**3 + 3*b - 6*b**2. Calculate the remainder when 55 is divided by n(-6).
13
Suppose 165*p - 17444 = 299497 + 115029. Calculate the remainder when p is divided by 2614.
4
Suppose 861 = -2*u + 3*u. Suppose -u = -14*d - 49. What is the remainder when 68 is divided by d?
10
Let f(g) = 3*g**2 + 289*g + 1309. Suppose 5*i - 2 = 13. What is the remainder when f(-92) is divided by (-2)/6 - (-58)/i?
18
Suppose 3*z + 58 + 128 = 0. Let s be (5452/(-145))/(1 + (-6)/10). Let l = z - s. Calculate the remainder when l is divided by 11.
10
Let l(u) = 41*u**2 + 2*u - 3. Let k be l(2). Let j = 93 - k. Let o = 88 - j. Calculate the remainder when o is divided by 18.
16
Let k(f) = -87 - 4*f**2 - f + 85 - f**3 + 4*f. Let h be k(-4). Calculate the remainder when (-1374)/(-21) - (-6)/h is divided by 33.
32
Suppose 0 = q + 2*j - 17, 3*q - 2*q + 3*j - 22 = 0. Suppose -q*i + 431 - 53 = 0. What is the remainder when 538 is divided by i?
52
Suppose 28 = -3*u + 10*u. Suppose 5*t - 135 = -0*y + u*y, -4*t = -y - 31. Let w = -27 - y. Calculate the remainder when 30 is divided by w.
6
Let k be 1*(-4)/6 + 70/6. Suppose 2*j - 5 = -d, 3*j = 7*j + d - k. Suppose -j*b = -73 + 52. Calculate the remainder when 32 is divided by b.
4
Let t = 105 + -109. What is the remainder when -1*(-66 + 1) + -1 is divided by (-67)/t - (8 + (-330)/40)?
13
Let m be 7 + -1 + 1 + -4. Suppose 2*o + 235 = -m*o. Let v = o + 61. What is the remainder when 24 is divided by v?
10
Let u(s) = -788*s - 5466. Calculate the remainder when u(-10) is divided by 15.
14
Suppose -y = -4*b - 72, -2*y - 9 = b - 0*b. Let z = 27 + b. What is the remainder when (-183941)/(-2095) - (-1)/(10/(-8)) is divided by z?
7
Let s(z) = -z + 25. Suppose 4*o + 17 = 1. What is the remainder when ((-2)/4 - -4)*o*-7 is divided by s(0)?
23
Let q(p) = -p + 4. What is the remainder when 47/(11 + (-9 - 1)) is divided by q(-6)?
7
Let l = -113 + 88. Let z be (2 - 0 - 70/25)*l. What is the remainder when 667/7 + z/(-70) is divided by 20?
15
Let k(l) = 142*l**2 - 177*l + 178. What is the remainder when 392 is divided by k(1)?
106
Suppose 0 = 9*s - 10*s - 9. Let h be -1*(-2 + 4 - s). What is the remainder when 19 is divided by -2*1/(2/h)?
8
Let y = -6993 + 7068. Calculate the remainder when 967 is divided by y.
67
Let f = 9573 - 7597. Calculate the remainder when f is divided by 11.
7
Suppose 2*c + 48 = -4*h, 27 = -4*h + 3*c - 1. Let r(v) = v**3 + 10*v**2 - v + 10. Suppose -q + 114 + 3 = 0. What is the remainder when q is divided by r(h)?
17
Let x be (-1)/(13/(-141)) - 8/(-52). Suppose 2*h - x = -2*y + 7*y, -y + 1 = 0. Calculate the remainder when 55 is divided by h.
7
Let p = 390 + -235. Suppose 9*t - 14*t + p = 0. What is the remainder when t is divided by 6?
1
Let c(t) = -7*t**3 - 6*t**3 - 7*t**3 - 3*t**2 + 4*t**3 + 2. What is the remainder when c(-2) is divided by 32?
22
Suppose 3*q = 4*m + 296, m = q + 3*m - 102. Let j be (52/10)/(40/q). Suppose -2*y + x + j = -0*y, 4*y - 16 = 4*x. What is the remainder when y is divided by 8?
1
Calculate the remainder when 1044 is divided by 2*(98/28 - 2) + 0 + 5.
4
Let l(y) = -y**2 - 22*y + 16. Let g be l(-22). Let i = 21 - g. Suppose i*h = 318 + 82. What is the remainder when h is divided by 41?
39
Let r be 1/(-2)*-4 + -4. Let f be 488/16 + 5/r. Calculate the remainder when 77 is divided by (f - 2) + 0/4.
25
Let t(n) = 10*n - 164. Let v be t(11). Calculate the remainder when 103 is divided by (-52 - v)/((-4)/(-46)).
11
Let o(b) = 2*b**3 - 3*b**2 + 2*b + 1. Suppose 4*l - 30 = 146. Calculate the remainder when l*-5*3/(-15) is divided by o(2).
8
Suppose -2*u - 2*q + 2 = -2, 5*q = u - 8. Suppose u*o = 146 - 32. What is the remainder when o is divided by 13?
12
Calculate the remainder when 1*83 + -1 + 1 is divided by 68/(35360/460)*26.
14
Let j = -259 + 120. Let y = 215 + j. Let l = y - 50. What is the remainder when l is divided by 7?
5
Let x = 11 + 6. Let l(v) = -154*v - 280. Let g be l(-10). Suppose 55*b - 40*b - g = 0. What is the remainder when b is divided by x?
16
Suppose 4*r - 35565 = 13*b - 10*b, 35558 = 4*r - 2*b. Calculate the remainder when r is divided by 10.
6
Suppose -5*l = 8224 - 8754. Calculate the remainder when l is divided by 89.
17
Let r(g) = -71*g - 5332. What is the remainder when r(-120) is divided by 8?
4
Suppose -k = -4*v + 480, 2*v + 2*k = 172 + 68. Suppose -2*x = x - v. What is the remainder when ((-295003)/9395)/(1/(-5)) is divided by x?
37
Let q = -42 - -47. Suppose -q*z - 46 = -431. What is the remainder when z is divided by 13?
12
Suppose 167*f + 229 = 169*f + l, 2*f - 247 = l. Calculate the remainder when f is divided by 41.
37
Suppose 28*v - 294 - 630 = 0. Suppose 4*a - 8*a + 248 = 0. What is the remainder when a is divided by v?
29
What is the remainder when 356 - (0/15 - (0 - (-4)/4)) is divided by 55?
27
Let c(k) = 705*k - 7035. Let t(f) = 3 + f**2 - 1 + f**2 - 5*f. What is the remainder when t(9) is divided by c(10)?
14
Let f(o) = 170*o - 899. What is the remainder when f(11) is divided by 139?
137
Suppose 6 = 8*u - 2. Let j be ((-8)/u)/((-14)/49). Suppose s - 31 = j. What is the remainder when s is divided by 16?
11
Let p(w) = 6*w**2 - 49*w + 114. What is the remainder when 1468 is divided by p(4)?
12
Suppose 0 = 2*d + 3*d - 55. Suppose 0 = -5*s - 5, -v - 7*s + 2*s - 30 = 0. Let c = 27 - v. Calculate the remainder when c is divided by d.
8
Let g = 9 - 9. Suppose -1168 = -8*p - g*p. Calculate the remainder when p is divided by 38.
32
Suppose j + 6 = -2*s - 1, -2*j - 2*s = 8. Calculate the remainder when (j/(-3)*3)/((-14)/(-980)) is divided by 13.
5
Let v(m) = 2*m**3 - m**2 + 2*m - 14. Let x be v(0). Calculate the remainder when (-1734)/x + (-1 - 32/(-28)) is divided by 18.
16
Calculate the remainder when (9853/(-3) - 9/(-9))*(-45)/30 is divided by 159.
155
Suppose -3*b + b = -42. Let s(a) = a**3 - 23*a**2 + 30*a + 11. Let q be s(b). Let w = 415 + q. Calculate the remainder when w is divided by 44.
42
Let t(q) = q**3 - 5*q**2 - 43*q + 220. Let h be 2/7 + 25/35. What is the remainder when 4 + 27 - -1*h is divided by t(7)?
15
Let b = 5224 + -4352. What is the remainder when b is divided by 127?
110
Let y(d) = -8*d + 752. Calculate the remainder when 688 is divided by y(61).
160
Let y = -358 + 509. Let o(r) = 330*r - 4958. Let h be o(15). Calculate the remainder when 26 is divided by h/(-36) + y/9.
9
Suppose -2*w = -5*j + 21, -3*w - 2*j = -6 - 10. Let v be w/(-8) - 3339/(-28). Suppose -41 = -10*s + v. What is the remainder when s is divided by 6?
4
Let g be 7/((-14)/(-4))*2. Let x be -2 - (-3 - g - -4). What is the remainder when 57 is divided by (2 - x) + 20/1?
15
Let g = -822221 - -822260. Suppose -b - 199 = -s - 4*b, -5*s = 3*b - 935. What is the remainder when s is divided by g?
28
Suppose -144*d = -10335 - 1041. Calculate the remainder when 241 is divided by d.
4
Let h be (-4)/6*-33 - -2. Let p be (-16)/h - 680/6. Let y = 178 + p. Calculate the remainder when y is divided by 13.
12
Let n = 53 + -53. Let z(t) = t**2 - 2*t + 6. Let k be z(n). Let l(x) = -x**2 + 7*x + 19. Calcu